{"id":3990,"date":"2023-04-26T12:02:50","date_gmt":"2023-04-26T10:02:50","guid":{"rendered":"https:\/\/www.dentalsurgimport.com\/?post_type=product&#038;p=3990"},"modified":"2023-04-26T12:02:51","modified_gmt":"2023-04-26T10:02:51","slug":"149419-set-cirugia-azul-esteril","status":"publish","type":"product","link":"https:\/\/www.dentalsurgimport.com\/index.php\/producto\/149419-set-cirugia-azul-esteril\/","title":{"rendered":"149419 Set cirug\u00eda azul est\u00e9ril"},"content":{"rendered":"<p>Set cirug\u00eda azul est\u00e9ril<\/p>\n","protected":false},"excerpt":{"rendered":"<p>Set cirug\u00eda azul est\u00e9ril<\/p>\n","protected":false},"featured_media":0,"template":"","meta":[],"_links":{"self":[{"href":"https:\/\/www.dentalsurgimport.com\/index.php\/wp-json\/wp\/v2\/product\/3990"}],"collection":[{"href":"https:\/\/www.dentalsurgimport.com\/index.php\/wp-json\/wp\/v2\/product"}],"about":[{"href":"https:\/\/www.dentalsurgimport.com\/index.php\/wp-json\/wp\/v2\/types\/product"}],"wp:attachment":[{"href":"https:\/\/www.dentalsurgimport.com\/index.php\/wp-json\/wp\/v2\/media?parent=3990"}],"curies":[{"name":"wp","href":"https:\/\/api.w.org\/{rel}","templated":true}]}}