{"id":1924,"date":"2020-05-04T16:46:39","date_gmt":"2020-05-04T14:46:39","guid":{"rendered":"http:\/\/www.dentalsurgimport.com\/index.php\/producto\/40-72042-pilar-anatomico-recto-conico-2mm-diam-4-5\/"},"modified":"2020-05-20T18:12:52","modified_gmt":"2020-05-20T16:12:52","slug":"40-72042-pilar-anatomico-recto-conico-2mm-diam-4-5","status":"publish","type":"product","link":"https:\/\/www.dentalsurgimport.com\/index.php\/producto\/40-72042-pilar-anatomico-recto-conico-2mm-diam-4-5\/","title":{"rendered":"40-72042 Pilar anat\u00f3mico recto c\u00f3nico 2mm  diam 4.5"},"content":{"rendered":"<p>40-72042 Pilar anat\u00f3mico recto c\u00f3nico 2mm diam 4.5<\/p>\n","protected":false},"excerpt":{"rendered":"<p>40-72042 Pilar anat\u00f3mico recto c\u00f3nico 2mm diam 4.5<\/p>\n","protected":false},"featured_media":2561,"template":"","meta":[],"_links":{"self":[{"href":"https:\/\/www.dentalsurgimport.com\/index.php\/wp-json\/wp\/v2\/product\/1924"}],"collection":[{"href":"https:\/\/www.dentalsurgimport.com\/index.php\/wp-json\/wp\/v2\/product"}],"about":[{"href":"https:\/\/www.dentalsurgimport.com\/index.php\/wp-json\/wp\/v2\/types\/product"}],"wp:featuredmedia":[{"embeddable":true,"href":"https:\/\/www.dentalsurgimport.com\/index.php\/wp-json\/wp\/v2\/media\/2561"}],"wp:attachment":[{"href":"https:\/\/www.dentalsurgimport.com\/index.php\/wp-json\/wp\/v2\/media?parent=1924"}],"curies":[{"name":"wp","href":"https:\/\/api.w.org\/{rel}","templated":true}]}}