{"id":1856,"date":"2020-05-04T16:46:21","date_gmt":"2020-05-04T14:46:21","guid":{"rendered":"http:\/\/www.dentalsurgimport.com\/index.php\/producto\/40-70120-wp-pilar-titanio-recto-anatomico-concavo-1mm\/"},"modified":"2020-05-25T19:05:06","modified_gmt":"2020-05-25T17:05:06","slug":"40-70120-wp-pilar-titanio-recto-anatomico-concavo-1mm","status":"publish","type":"product","link":"https:\/\/www.dentalsurgimport.com\/index.php\/producto\/40-70120-wp-pilar-titanio-recto-anatomico-concavo-1mm\/","title":{"rendered":"40-70120 WP Pilar titanio recto anat\u00f3mico c\u00f3ncavo 1mm"},"content":{"rendered":"<p>40-70120 WP Pilar titanio recto anat\u00f3mico c\u00f3ncavo 1mm<\/p>\n","protected":false},"excerpt":{"rendered":"<p>40-70120 WP Pilar titanio recto anat\u00f3mico c\u00f3ncavo 1mm<\/p>\n","protected":false},"featured_media":2621,"template":"","meta":[],"_links":{"self":[{"href":"https:\/\/www.dentalsurgimport.com\/index.php\/wp-json\/wp\/v2\/product\/1856"}],"collection":[{"href":"https:\/\/www.dentalsurgimport.com\/index.php\/wp-json\/wp\/v2\/product"}],"about":[{"href":"https:\/\/www.dentalsurgimport.com\/index.php\/wp-json\/wp\/v2\/types\/product"}],"wp:featuredmedia":[{"embeddable":true,"href":"https:\/\/www.dentalsurgimport.com\/index.php\/wp-json\/wp\/v2\/media\/2621"}],"wp:attachment":[{"href":"https:\/\/www.dentalsurgimport.com\/index.php\/wp-json\/wp\/v2\/media?parent=1856"}],"curies":[{"name":"wp","href":"https:\/\/api.w.org\/{rel}","templated":true}]}}